 when 51 is divided by 14?
9
Calculate the remainder when 104 is divided by 35.
34
Calculate the remainder when 157 is divided by 57.
43
Calculate the remainder when 1212 is divided by 400.
12
What is the remainder when 4050 is divided by 312?
306
What is the remainder when 2730 is divided by 16?
10
What is the remainder when 124 is divided by 25?
24
Calculate the remainder when 1619 is divided by 81.
80
What is the remainder when 1763 is divided by 196?
195
What is the remainder when 3331 is divided by 1649?
33
Calculate the remainder when 3119 is divided by 12.
11
What is the remainder when 150 is divided by 37?
2
What is the remainder when 553 is divided by 182?
7
Calculate the remainder when 117 is divided by 33.
18
What is the remainder when 143 is divided by 10?
3
Calculate the remainder when 36 is divided by 7.
1
Calculate the remainder when 136 is divided by 46.
44
Calculate the remainder when 1303 is divided by 133.
106
Calculate the remainder when 1147 is divided by 23.
20
Calculate the remainder when 407 is divided by 22.
11
What is the remainder when 158 is divided by 26?
2
Calculate the remainder when 1343 is divided by 362.
257
Calculate the remainder when 127 is divided by 27.
19
What is the remainder when 376 is divided by 124?
4
Calculate the remainder when 187 is divided by 110.
77
Calculate the remainder when 434 is divided by 123.
65
What is the remainder when 1582 is divided by 111?
28
What is the remainder when 895 is divided by 32?
31
What is the remainder when 462 is divided by 11?
0
Calculate the remainder when 385 is divided by 25.
10
What is the remainder when 79 is divided by 27?
25
Calculate the remainder when 3627 is divided by 31.
0
What is the remainder when 170 is divided by 43?
41
What is the remainder when 62 is divided by 35?
27
Calculate the remainder when 193 is divided by 13.
11
Calculate the remainder when 470 is divided by 25.
20
What is the remainder when 68 is divided by 14?
12
Calculate the remainder when 872 is divided by 38.
36
Calculate the remainder when 2620 is divided by 23.
21
What is the remainder when 542 is divided by 30?
2
What is the remainder when 3623 is divided by 37?
34
What is the remainder when 766 is divided by 5?
1
Calculate the remainder when 206 is divided by 11.
8
Calculate the remainder when 2328 is divided by 8.
0
What is the remainder when 109 is divided by 23?
17
Calculate the remainder when 947 is divided by 13.
11
What is the remainder when 56 is divided by 12?
8
What is the remainder when 143 is divided by 102?
41
Calculate the remainder when 992 is divided by 125.
117
Calculate the remainder when 280 is divided by 257.
23
What is the remainder when 166 is divided by 149?
17
Calculate the remainder when 676 is divided by 129.
31
What is the remainder when 21 is divided by 8?
5
Calculate the remainder when 9546 is divided by 22.
20
What is the remainder when 1886 is divided by 21?
17
Calculate the remainder when 160 is divided by 31.
5
What is the remainder when 14 is divided by 9?
5
Calculate the remainder when 878 is divided by 18.
14
Calculate the remainder when 6860 is divided by 48.
44
What is the remainder when 1069 is divided by 156?
133
Calculate the remainder when 1226 is divided by 31.
17
Calculate the remainder when 275 is divided by 46.
45
Calculate the remainder when 204 is divided by 9.
6
What is the remainder when 337 is divided by 26?
25
What is the remainder when 4842 is divided by 131?
126
What is the remainder when 1498 is divided by 498?
4
What is the remainder when 919 is divided by 14?
9
Calculate the remainder when 231 is divided by 16.
7
What is the remainder when 29 is divided by 1?
0
What is the remainder when 2100 is divided by 175?
0
What is the remainder when 1211 is divided by 21?
14
What is the remainder when 1592 is divided by 38?
34
Calculate the remainder when 348 is divided by 151.
46
What is the remainder when 417 is divided by 172?
73
Calculate the remainder when 524 is divided by 21.
20
Calculate the remainder when 302 is divided by 120.
62
What is the remainder when 7135 is divided by 594?
7
Calculate the remainder when 167 is divided by 20.
7
Calculate the remainder when 2140 is divided by 134.
130
What is the remainder when 968 is divided by 122?
114
What is the remainder when 3112 is divided by 9?
7
What is the remainder when 727 is divided by 13?
12
What is the remainder when 911 is divided by 106?
63
What is the remainder when 1132 is divided by 187?
10
Calculate the remainder when 488 is divided by 83.
73
Calculate the remainder when 674 is divided by 45.
44
Calculate the remainder when 189 is divided by 32.
29
What is the remainder when 3348 is divided by 50?
48
What is the remainder when 482 is divided by 241?
0
What is the remainder when 928 is divided by 72?
64
What is the remainder when 1104 is divided by 364?
12
Calculate the remainder when 3416 is divided by 15.
11
What is the remainder when 269 is divided by 68?
65
What is the remainder when 333 is divided by 137?
59
What is the remainder when 439 is divided by 10?
9
Calculate the remainder when 81106 is divided by 54.
52
Calculate the remainder when 111 is divided by 43.
25
What is the remainder when 258 is divided by 42?
6
What is the remainder when 20 is divided by 5?
0
What is the remainder when 137 is divided by 13?
7
Calculate the remainder when 11 is divided by 1.
0
Calculate the remainder when 76 is divided by 21.
13
Calculate the remainder when 144 is divided by 82.
62
What is the remainder when 5848 is divided by 61?
53
Calculate the remainder when 124 is divided by 3.
1
What is the remainder when 318 is divided by 70?
38
What is the remainder when 654 is divided by 164?
162
Calculate the remainder when 12368 is divided by 4120.
8
Calculate the remainder when 943 is divided by 43.
40
What is the remainder when 982 is divided by 48?
22
What is the remainder when 2402 is divided by 171?
8
What is the remainder when 80 is divided by 77?
3
What is the remainder when 61 is divided by 27?
7
What is the remainder when 388 is divided by 50?
38
What is the remainder when 4739 is divided by 169?
7
Calculate the remainder when 1145 is divided by 567.
11
Calculate the remainder when 14111 is divided by 49.
48
What is the remainder when 245 is divided by 84?
77
Calculate the remainder when 167 is divided by 8.
7
What is the remainder when 1180 is divided by 199?
185
Calculate the remainder when 1685 is divided by 73.
6
What is the remainder when 480 is divided by 23?
20
Calculate the remainder when 1498 is divided by 379.
361
What is the remainder when 47531 is divided by 34?
33
What is the remainder when 11800 is divided by 21?
19
What is the remainder when 190 is divided by 32?
30
What is the remainder when 1297 is divided by 208?
49
Calculate the remainder when 24 is divided by 1.
0
Calculate the remainder when 3370 is divided by 14.
10
What is the remainder when 129 is divided by 11?
8
What is the remainder when 349 is divided by 70?
69
What is the remainder when 525 is divided by 254?
17
Calculate the remainder when 1437 is divided by 182.
163
What is the remainder when 218 is divided by 57?
47
What is the remainder when 326 is divided by 69?
50
Calculate the remainder when 222 is divided by 84.
54
Calculate the remainder when 191 is divided by 48.
47
Calculate the remainder when 103 is divided by 26.
25
What is the remainder when 36 is divided by 10?
6
What is the remainder when 118 is divided by 73?
45
What is the remainder when 1058 is divided by 110?
68
Calculate the remainder when 2229 is divided by 107.
89
What is the remainder when 11757 is divided by 37?
28
Calculate the remainder when 90 is divided by 26.
12
Calculate the remainder when 3821 is divided by 13.
12
Calculate the remainder when 97 is divided by 34.
29
What is the remainder when 828 is divided by 270?
18
What is the remainder when 1009 is divided by 85?
74
What is the remainder when 1294 is divided by 222?
184
Calculate the remainder when 174 is divided by 47.
33
What is the remainder when 3395 is divided by 25?
20
Calculate the remainder when 998 is divided by 325.
23
Calculate the remainder when 245 is divided by 235.
10
Calculate the remainder when 388 is divided by 56.
52
What is the rema